{"id":55,"date":"2021-12-30T12:13:31","date_gmt":"2021-12-30T12:13:31","guid":{"rendered":"https:\/\/pasauliolietuviai.epochuratu.lt\/?page_id=55"},"modified":"2022-01-18T09:39:07","modified_gmt":"2022-01-18T09:39:07","slug":"potemes","status":"publish","type":"page","link":"https:\/\/pasauliolietuviai.epochuratu.lt\/?page_id=55","title":{"rendered":"Potem\u0117s"},"content":{"rendered":"\n<p><strong>&nbsp;Projekto tema \u201eLietuviai pasaulyje\u201c<\/strong><\/p>\n\n\n\n<p><strong>1. <\/strong><strong>Lietuviai \u0160iaur\u0117s Amerikoje.<\/strong><\/p>\n\n\n\n<p><strong>Pristato vis\u0173 laik\u0173 lietuvi\u0173 migracijos \u012f \u0160iaur\u0117s Amerik\u0105 istorij\u0105 .<\/strong><\/p>\n\n\n\n<p><strong>Pasirenka ir pristato su \u0161iuo regionu susijusias lietuvi\u0173 asmenybes &#8211; i\u0161 skirting\u0173 sri\u010di\u0173, pavyzd\u017eiui, vien\u0105 i\u0161 mokslo pasaulio, kit\u0105 i\u0161 men\u0173, literat\u016bros, politikos, sporto, dvasinink\u0173\u2026 Skirtingose veiklose pasirenka skirtingas asmenybes atskleisti.<\/strong><\/p>\n\n\n\n<p><strong>Rekomenduojam\u0173 asmenybi\u0173 s\u0105ra\u0161as:<\/strong><\/p>\n\n\n\n<p><strong>&nbsp;<em>Marija Gimbutien\u0117, Jonas Mekas, Valdas Adamkus, R\u016bta Lee, <\/em>Bernardas Lounas (<em>Bernard Lown),<\/em> Gertr\u016bda Elion (<em>Gertrude Elion),<\/em> Robertas \u0160ileris, A. Avi\u017eienis, Remigijus Ga\u0161ka, Jonas \u017dmuidzinas, Steponas Darius ir Stasys Gir\u0117nas, V. Kr\u0117v\u0117, J. Aistis, B. Brazd\u017eionis , H. Radauskas, M. Katili\u0161kis; K. Brad\u016bnas, A. Nyka-Nili\u016bnas, H. Nagys, J. K\u0117k\u0161tas, Li\u016bn\u0117 Sutema, A. Mackus, V. Kavolis, R. \u0160ilbajoris, Oskaras Mila\u0161ius, Kazys Pak\u0161tas, Egl\u0117 \u0160pokait\u0117, Stasys Lozoraitis, Juozas Girnius, Jurgis Ma\u010di\u016bnas, Kazys Varnelis , Egl\u0117 \u0160pokait\u0117 , V. Banaitis, V.Bacevi\u010dius, J. Ka\u010dinskas, V. Jakub\u0117nas.<\/strong><\/p>\n\n\n\n<p><strong>ir t.t.<\/strong><\/p>\n\n\n\n<p><strong>Projekto tema \u201eLietuviai pasaulyje\u201c<\/strong><\/p>\n\n\n\n<p><strong>2. <\/strong><strong>Lietuviai Europoje.<\/strong><strong><\/strong><\/p>\n\n\n\n<p><strong><em>Pristato vis\u0173 laik\u0173 lietuvi\u0173 migracijos \u012f Vakar\u0173 Europ\u0105 istorij\u0105.<\/em><\/strong><\/p>\n\n\n\n<p><strong><em>Pasirenka ir pristato su \u0161iuo regionu susijusias lietuvi\u0173 asmenybes &#8211; i\u0161 skirting\u0173 sri\u010di\u0173, pavyzd\u017eiui, vien\u0105 i\u0161 mokslo pasaulio, kit\u0105 i\u0161 men\u0173, literat\u016bros, politikos, sporto, dvasinink\u0173\u2026 Skirtingose veiklose pasirenka skirtingas asmenybes atskleisti.<\/em><\/strong><\/p>\n\n\n\n<p><strong><em>Nepamir\u0161kite ir Lietuvoje gyvenan\u010di\u0173 lietuvi\u0173, kurie gars\u016bs pasaulyje.<\/em><\/strong><\/p>\n\n\n\n<p><strong>Rekomenduojam\u0173 asmenybi\u0173 s\u0105ra\u0161as:<\/strong><\/p>\n\n\n\n<p><strong>Jonas Basanavi\u010dius, Dalia Ibelhauptait\u0117, K\u0119stutis Stali\u016bnas, Giedrius Alkauskas, Jonas Kubilius, Tomas \u017debrauskas, Darius \u010ceburnis, Vida Malien\u0117, Gabrielius, Julius Greimas, I. \u0160einius, J. Savickis, K. Sabaliauskait\u0117, D. Staponkut\u0117, Julius Greimas, Aldona Gustas, Violeta Urmana, Ingeborga Dapk\u016bnait\u0117, A. Grigorian, M. Gra\u017einyt\u0117, Birut\u0117 Letukait\u0117, Virginijus \u0160ik\u0161nys, Antanas Mon\u010dys, Antanas Maceina, <\/strong><strong>Stasys Eidrigevi\u010dius, <\/strong><strong>Pranci\u0161kus Skorina, <\/strong><strong>\u017dibuokl\u0117 Martinaityt\u0117, Raminta \u0160erk\u0161nyt\u0117, G. Gelgotas, V. Urmana, A. Grigorian, M. Gra\u017einyt\u0117, NICO<\/strong><\/p>\n\n\n\n<p><strong>ir t.t.<\/strong><strong><em><\/em><\/strong><\/p>\n\n\n\n<p><strong>Projekto tema \u201eLietuviai pasaulyje\u201c<\/strong><\/p>\n\n\n\n<p><strong>3. Lietuviai Piet\u0173 Amerikoje. <\/strong><strong><\/strong><\/p>\n\n\n\n<p><strong>Pristato vis\u0173 laik\u0173 lietuvi\u0173 migracijos \u012f Piet\u0173 Amerik\u0105 istorij\u0105.<\/strong><\/p>\n\n\n\n<p><strong>Pasirenka ir pristato su \u0161iuo regionu susijusias lietuvi\u0173 asmenybes &#8211; i\u0161 skirting\u0173 sri\u010di\u0173, pavyzd\u017eiui, vien\u0105 i\u0161 mokslo pasaulio, kit\u0105 i\u0161 men\u0173, literat\u016bros, politikos, sporto, dvasinink\u0173\u2026 Skirtingose veiklose pasirenka skirtingas asmenybes atskleisti.<\/strong><\/p>\n\n\n\n<p><strong>Rekomenduojam\u0173 asmenybi\u0173 s\u0105ra\u0161as:<\/strong><\/p>\n\n\n\n<p><strong>Antanas Mockus, Matas \u0160al\u010dius, Ignas Domeika,&nbsp; <em>Aurelijus R\u016btenis, Antanas Mockus \u0160ivickas, Kazimieras \u0160lapelis, Justas Kuncaitis, Augustas \u0160ulcas-\u0160ilius, Petras Babickas, Aleksandras Ferdinandas Bendoraitis, Vitas Kiau\u0161as, Chodas\u1ebdvi\u010dius Robertas Adolfas, Mo\u0161inskis Algirdas, Ba\u010d\u1ebdlis Zenonas, Domeik\u00e0 Ignotas, <\/em>M. \u0160al\u010dius, Lozarius Segalas, <\/strong><strong>Antanas Saulaitis<\/strong><strong><em><\/em><\/strong><\/p>\n\n\n\n<p><strong>ir t.t.<\/strong><strong><\/strong><\/p>\n\n\n\n<p><strong>Projekto tema \u201eLietuviai pasaulyje\u201c<\/strong><\/p>\n\n\n\n<p><strong>4. Lietuviai Australijoje ir Okeanijoje.<\/strong><strong> <\/strong><strong><\/strong><\/p>\n\n\n\n<p><strong>Pristato vis\u0173 laik\u0173 lietuvi\u0173 migracijos \u012f Australij\u0105 istorij\u0105.<\/strong><\/p>\n\n\n\n<p><strong>Pasirenka ir pristato su \u0161iuo regionu susijusias lietuvi\u0173 asmenybes &#8211; i\u0161 skirting\u0173 sri\u010di\u0173, pavyzd\u017eiui, vien\u0105 i\u0161 mokslo pasaulio, kit\u0105 i\u0161 men\u0173, literat\u016bros, politikos, sporto, dvasinink\u0173\u2026 Skirtingose veiklose pasirenka skirtingas asmenybes atskleisti.<\/strong><\/p>\n\n\n\n<p><strong>Rekomenduojam\u0173 asmenybi\u0173 s\u0105ra\u0161as:<\/strong><\/p>\n\n\n\n<p><strong>Birut\u0117 Galdikas, Vytautas Landsbergis \u017demkalnis , Izidorius Jonaitis, Jonas Petras Kedys, Kab\u00e1ila Algis,&nbsp; L\u1ef9nikas K\u0119stutis Jonas, B\u00f9drikis Zigmantas Leonas, V. Kazokas, A. Vie\u0161\u010di\u016bnait\u0117-Janavi\u010dien\u0117, L. \u0160imkut\u0117, A. Cic\u0117nait\u0117,&nbsp; Gra\u017eina Pranauskien\u0117, Akvil\u0117 Zavi\u0161ait\u0117<\/strong><\/p>\n\n\n\n<p><strong>ir t.t.<\/strong><strong><\/strong><\/p>\n\n\n\n<p><strong>Projekto tema \u201eLietuviai pasaulyje\u201c<\/strong><\/p>\n\n\n\n<p><strong>5. Lietuviai Azijos&nbsp; \u0161alyse. <\/strong><strong><\/strong><\/p>\n\n\n\n<p><strong>Lietuvos ry\u0161iai su Azijos \u0161alimis.<\/strong><\/p>\n\n\n\n<p><strong>Pasirenka ir pristato su \u0161iuo regionu susijusias lietuvi\u0173 asmenybes &#8211; i\u0161 skirting\u0173 sri\u010di\u0173, pavyzd\u017eiui, vien\u0105 i\u0161 mokslo pasaulio, kit\u0105 i\u0161 men\u0173, literat\u016bros, politikos, sporto, dvasinink\u0173\u2026 Skirtingose veiklose pasirenka skirtingas asmenybes atskleisti.<\/strong><\/p>\n\n\n\n<p><strong>Rekomenduojam\u0173 asmenybi\u0173 s\u0105ra\u0161as:<\/strong><strong> <\/strong><strong><\/strong><\/p>\n\n\n\n<p><strong>Andrius Rudamina, Jurga Ivanauskait\u0117, Antanas Po\u0161ka, Steponas Kairys, Matas \u0160al\u010dius, <\/strong><strong>L. Vinc\u0117,&nbsp; J. Ivanauskait\u0117, <\/strong><strong>Juozapas Go\u0161kevi\u010dius, Albinas Margevi\u010dius, Algirdas Kudzys, Vytis Vid\u016bnas, Audrius Beinorius, Paulius Normantas, Sigitas Geda, Vladas Vitkauskas, Gediminas Akstinas<\/strong><\/p>\n\n\n\n<p><strong>ir t.t.<\/strong><strong><\/strong><\/p>\n","protected":false},"excerpt":{"rendered":"<p>&nbsp;Projekto tema \u201eLietuviai pasaulyje\u201c 1. Lietuviai \u0160iaur\u0117s Amerikoje. Pristato vis\u0173 laik\u0173 lietuvi\u0173 migracijos \u012f \u0160iaur\u0117s Amerik\u0105 istorij\u0105 . Pasirenka ir pristato su \u0161iuo regionu susijusias lietuvi\u0173 asmenybes &#8211; i\u0161 skirting\u0173 sri\u010di\u0173, pavyzd\u017eiui, vien\u0105 i\u0161 mokslo pasaulio, kit\u0105 i\u0161 men\u0173, literat\u016bros, politikos, sporto, dvasinink\u0173\u2026 Skirtingose veiklose pasirenka skirtingas asmenybes atskleisti. Rekomenduojam\u0173 asmenybi\u0173 s\u0105ra\u0161as: &nbsp;Marija Gimbutien\u0117, Jonas Mekas, Valdas Adamkus, R\u016bta Lee, Bernardas Lounas (Bernard Lown), Gertr\u016bda Elion (Gertrude Elion), Robertas \u0160ileris, A. Avi\u017eienis, Remigijus Ga\u0161ka, Jonas \u017dmuidzinas, Steponas Darius ir Stasys&#8230;<\/p>\n<p class=\"read-more\"><a class=\"btn btn-default\" href=\"https:\/\/pasauliolietuviai.epochuratu.lt\/?page_id=55\">Daugiau<span class=\"screen-reader-text\"> Daugiau<\/span><\/a><\/p>\n","protected":false},"author":1,"featured_media":0,"parent":0,"menu_order":0,"comment_status":"closed","ping_status":"closed","template":"","meta":[],"_links":{"self":[{"href":"https:\/\/pasauliolietuviai.epochuratu.lt\/index.php?rest_route=\/wp\/v2\/pages\/55"}],"collection":[{"href":"https:\/\/pasauliolietuviai.epochuratu.lt\/index.php?rest_route=\/wp\/v2\/pages"}],"about":[{"href":"https:\/\/pasauliolietuviai.epochuratu.lt\/index.php?rest_route=\/wp\/v2\/types\/page"}],"author":[{"embeddable":true,"href":"https:\/\/pasauliolietuviai.epochuratu.lt\/index.php?rest_route=\/wp\/v2\/users\/1"}],"replies":[{"embeddable":true,"href":"https:\/\/pasauliolietuviai.epochuratu.lt\/index.php?rest_route=%2Fwp%2Fv2%2Fcomments&post=55"}],"version-history":[{"count":3,"href":"https:\/\/pasauliolietuviai.epochuratu.lt\/index.php?rest_route=\/wp\/v2\/pages\/55\/revisions"}],"predecessor-version":[{"id":109,"href":"https:\/\/pasauliolietuviai.epochuratu.lt\/index.php?rest_route=\/wp\/v2\/pages\/55\/revisions\/109"}],"wp:attachment":[{"href":"https:\/\/pasauliolietuviai.epochuratu.lt\/index.php?rest_route=%2Fwp%2Fv2%2Fmedia&parent=55"}],"curies":[{"name":"wp","href":"https:\/\/api.w.org\/{rel}","templated":true}]}}